35 is divided by v - (1 + -3 + 3)?
8
Let c(r) = -6*r**3 - 3*r**2 - 3*r - 3. Let y be (-6)/(-27) + (-80)/36. Calculate the remainder when c(y) is divided by 21.
18
Let i = 234 - 222. Calculate the remainder when i is divided by 9.
3
Let c(t) = -10*t + 11*t + 25*t - 1. Calculate the remainder when c(2) is divided by 13.
12
Suppose 35 = 4*l - 17. Let y(n) = 2 + 4 - 1 + 28 - 4*n. Calculate the remainder when l is divided by y(7).
3
Suppose 52 = 2*a - 164. Suppose -u - 5*v + 22 = 0, 0 = 3*u + 2*u - 2*v - 110. What is the remainder when a is divided by u?
20
Let t(n) = n - 6. Let w be t(6). Suppose w = 4*b - 4*f - 48, 20 = 4*b + 3*f - 0*f. What is the remainder when b is divided by 6?
2
What is the remainder when ((-310)/(-8))/(4 + (-45)/12) is divided by 13?
12
Let o(l) = 33*l**2 + 17*l + 30. What is the remainder when 381 is divided by o(-2)?
125
Calculate the remainder when (2 + 8)/(8/72) is divided by 31.
28
Let s = -33 - -41. Suppose -2*o - 100 = 3*v, 2*o + 24 = -v + 6*o. Let m = -19 - v. What is the remainder when m is divided by s?
5
Suppose 0 = -2701*c + 2703*c - 20. What is the remainder when 97 is divided by c?
7
Calculate the remainder when (720 + 3)*5/15 is divided by 11.
10
Let j = -2 + 16. Suppose 0*m + 2*m = j. Let h = -782 + 786. Calculate the remainder when m is divided by h.
3
Let w = 44 + 16. What is the remainder when w is divided by 31?
29
Let m(d) = 4*d**2 + 9*d - 1. Let t be m(-4). Calculate the remainder when -3*((-789)/t + (-4)/(-18)) is divided by 11.
10
Let n(f) = 2*f**2 - 10*f - 11. Let s be n(8). Suppose 0 = c + s - 128. Calculate the remainder when c is divided by 31.
29
Suppose 0 = -0*w - w + 4*c - 13, -5*w + 11 = -c. Suppose 3*s - 7 - 43 = -2*y, 0 = -w*s - 4*y + 46. Calculate the remainder when 124 is divided by s.
16
Let k(w) = -51*w - 113. What is the remainder when 105 is divided by k(-3)?
25
Suppose 6*n - 864 = 420. Calculate the remainder when n is divided by 24.
22
Suppose -30 = 4*l - 134. Let z = l + 22. What is the remainder when z is divided by 25?
23
Suppose -2*o + 54 = -30. Let j = -27 + o. Let z(a) = 58*a**2 + 1. Calculate the remainder when z(1) is divided by j.
14
Suppose -3*u - 20 = -4*u - 5*i, -5*u + 42 = -4*i. Calculate the remainder when u is divided by 2.
0
Let f(t) = 5*t**2 - 6*t - 17. Suppose 6*c - 15 - 33 = 0. Let v be f(c). Suppose -v = 16*w - 21*w. Calculate the remainder when w is divided by 13.
12
Suppose -40*a = -50*a + 1790. Suppose -4*y + 5*s + 242 = 0, 9*y + 5*s = 12*y - a. What is the remainder when y is divided by 13?
11
Let y = 29 + -13. Suppose 6*i = 5*i + y. Suppose z - k - i = 10, z = -k + 24. Calculate the remainder when z is divided by 7.
4
Let y = 5 - -43. Suppose -d = -5*u + 5 + 7, 4*u - 5*d - 18 = 0. Suppose 77 = 5*p - 2*v, -p - 4*v - 1 = -u*p. Calculate the remainder when y is divided by p.
14
Suppose 0 = -y + 6*y - 40. Suppose u = y + 10. What is the remainder when 70 is divided by u?
16
Let o(x) = x**3 + x**2 - 3*x - 2. Let h = -8539 - -8599. What is the remainder when h is divided by o(3)?
10
Let s(w) = w**3 - 2*w**2 - 2*w + 4. Let x be s(0). Suppose 0 = -2*g, 5*h + x*g = 35 + 70. Calculate the remainder when 34 is divided by h.
13
Let s(q) = 11*q - 19 + 10*q - 3*q - q**3 + 15*q**2. Suppose -2*z + 41 = -4*r + 1, 2*z - 28 = -2*r. What is the remainder when 102 is divided by s(z)?
11
Suppose 29*u - 295 = 34*u. Let r = -47 - u. Calculate the remainder when r is divided by 5.
2
Let x(z) = 4*z**3 - 2*z + 2. Let a be x(2). Let g = -12 + a. Suppose 7*t - g = 3. Calculate the remainder when 14 is divided by t.
2
Suppose 2*n - 3*u = -7 - 0, -18 = -3*n - 5*u. Suppose f + 5*r - n + 9 = 0, -2*f - 11 = 5*r. Calculate the remainder when (-21)/f + 3 + -3 is divided by 2.
1
Let o = 1554 + -1098. Calculate the remainder when o is divided by 17.
14
Let z(q) = -q**2 - 18*q + 3. Calculate the remainder when 145 is divided by z(-12).
70
Let u = -64 - -73. Suppose 3*d = u*d - 132. What is the remainder when 43 is divided by d?
21
Suppose -3*v - s = -6, -2*v + s - 3*s + 4 = 0. Let o be (-16)/12 - (-10)/3. Suppose -6 = o*l - 5*l. What is the remainder when v is divided by l?
0
Calculate the remainder when 36 is divided by (-76)/(-6) + ((-4)/(-12) - -1).
8
Let a(b) = -b**3 + 8*b**2 - b + 10. Let j(x) = x + 4. Let f be j(3). Let q be a(f). Suppose 0*n + q = 4*n. Calculate the remainder when 36 is divided by n.
10
Let j(t) = -2*t**2 - 28*t - 10. Calculate the remainder when 181 is divided by j(-12).
29
Suppose h - 6*h + 195 = 0. Let x(r) = -20*r - 10. Calculate the remainder when h is divided by x(-1).
9
Let l = -10 + -13. Calculate the remainder when 111 is divided by l/((2/(-3))/((-4)/(-6))).
19
Let q = -1315 + 849. Let b = -4 + 31. Calculate the remainder when 4/12 + q/(-6) is divided by b.
24
Let u = 28 - 26. Suppose -4*p - 2*a = -34, 0 = -2*p - 5*a + 49 - 12. Calculate the remainder when (8/p + -1)*6 is divided by u.
0
Let r be (-154)/(-5) - (-3 + (-28)/(-10)). What is the remainder when 149 is divided by (-7)/7 + r/1?
29
Let i = 113 + -92. Calculate the remainder when 43 is divided by (i/6 - 3)/((-4)/(-80)).
3
Let f = 125 - 101. Calculate the remainder when 164 is divided by f.
20
Let j be (-4)/(-22) - 10389/(-33). Suppose 0 = 3*u - 0*u - j. Let p = 36 + u. What is the remainder when p is divided by 36?
33
Suppose 0*b = 2*m - 4*b, -24 = -2*m - 4*b. Suppose c - 32 = -l, 0*l - 2*c - 111 = -3*l. What is the remainder when l is divided by (-1)/(-3) - (2 - 88/m)?
9
Let u be -1 + 225 + (1 - -1). Let r(d) = -d**2 + 20*d + 46. Let g be r(21). What is the remainder when 45 is divided by u/10 + 10/g?
22
Let b(q) = -q**2 + 11*q - 8. Suppose -190 - 1201 = -13*d. What is the remainder when d is divided by b(6)?
19
Let l(k) = 9*k + 6*k**2 + 10 + 3*k**2 - 2 - 7*k**2. Calculate the remainder when l(-5) is divided by 3.
1
Suppose -27*p + 31*p - 37 = -5*r, -r - 3*p = -14. Calculate the remainder when 119 is divided by r.
4
Let a = 1128 + -1100. What is the remainder when 335 is divided by a?
27
Let p(n) be the first derivative of -3*n**2/2 - 18*n - 5. Suppose -2*l + 29 = -2*h + 83, -4*h + 113 = -3*l. What is the remainder when h is divided by p(-9)?
5
Suppose 0 = -2*d + w + 131, 5*w = -4*d + 5*d - 79. Suppose -10*o + 6*o = -d. Suppose 2*m = 5*m - 231. What is the remainder when m is divided by o?
13
Suppose 16*l + 11*l = 2889. Calculate the remainder when l is divided by 16.
11
Let h(s) = -7*s - 24. Let b be h(-4). Suppose -42 + 142 = b*c. Let a(r) = -2*r + 1. Calculate the remainder when c is divided by a(-4).
7
Let j(i) = i**2 + 7*i. Let h be j(-7). Let u be (-1 - h)/((-2)/8). What is the remainder when (-110)/(-3)*6/u is divided by 29?
26
Let o(x) = 2*x**2 + 0*x**2 + 102 - 2*x - 104. Calculate the remainder when o(5) is divided by 13.
12
Suppose 3*n = -0 - 27. Let v = n + 27. What is the remainder when (165/(-220))/((-3)/200) is divided by v?
14
Let h = 36 - 21. Let a(z) be the second derivative of z**4/6 - 7*z**3/3 - 4*z**2 - 15*z. What is the remainder when h is divided by a(8)?
7
Suppose 2*c = -4*c + c. Let p(a) = a + 11. What is the remainder when -1 + 2 + (29 - -1) is divided by p(c)?
9
Let y be (((-22)/6)/(-1))/((-5)/(-45)). Let s(h) = h + 11. Let v be s(-6). Suppose -v*t + y + 102 = 0. Calculate the remainder when 51 is divided by t.
24
Suppose -3*j + 13 = 10. What is the remainder when 24 is divided by j?
0
Suppose -d - 8 = -7. Let i = d - -18. What is the remainder when i is divided by 10?
7
Let l = -43 - -19. Let p = l - -30. What is the remainder when 53 is divided by p?
5
Let z = -374 + 388. Calculate the remainder when 503 is divided by z.
13
Let r = -190 - -201. Suppose -3*u + 71 + 118 = 0. What is the remainder when u is divided by r?
8
Calculate the remainder when 144 is divided by (8970/(-325))/((-4)/10).
6
Suppose -80 = 3*q + t - 3, -q + 2*t = 21. Calculate the remainder when (6/(-10))/(5/q) is divided by 1.
0
Let l = 44 + 12. Calculate the remainder when 25 is divided by (-3)/((-12)/l) - 1.
12
Calculate the remainder when (-6524)/(-92) - 16/(-184) is divided by 12.
11
Suppose -19*k + 16*k = -4*i + 24, 0 = -2*i + 4*k + 2. Calculate the remainder when 220 is divided by i.
4
Suppose 4*x = 2*q - 238, -79 = 2*x + 4*q + 25. Let h = -21 - x. Let n(y) = 2*y**2 - 48*y + 139. Calculate the remai